on divisor of p and k.
16
Let z = 99 - 36. Let q(o) = 3*o - 3. Suppose 3*p - 35 = -5*x, 3*x - 3*p = x - 7. Let t be q(x). What is the greatest common divisor of z and t?
9
Let n(p) = -p**3 - p**2 - 4*p - 9. Let w be n(-3). Calculate the greatest common factor of 56 and w.
7
Suppose 3*t - 20 - 7 = 0. Calculate the highest common factor of 27 and t.
9
Suppose -3*x - 19 = -2*y, 4*y + x = 35 - 4. Let g(k) = 2*k**2 - 3*k - 2. Let r be g(-6). Calculate the highest common factor of y and r.
8
Suppose 2*p - 4 = 4*k, 3 = -3*k - 2*k + 2*p. Let q(l) be the first derivative of 54*l**2 + 3. Let w be q(k). Calculate the greatest common divisor of w and 12.
12
Let j be -5*2/(-5)*6. Suppose 6*k - 103 = 4*g + 3*k, -3*k + 19 = -g. Let h be (-216)/g - 4/(-14). What is the greatest common divisor of h and j?
4
Let p be (9/5)/(18/120). What is the highest common factor of 12 and p?
12
Let p = -39 - -117. What is the highest common divisor of p and 26?
26
Let s = 5 - -37. Suppose 7 - s = 5*w. Let y(a) = -a**2 - 7*a + 3. Let i be y(w). What is the highest common factor of 3 and i?
3
Let q be 1430/15 - (-2)/3. What is the highest common divisor of q and 12?
12
Let s be (4 - 0)*2/(-4) - -27. What is the greatest common divisor of s and 25?
25
Let z(a) = -a**2 + 10*a + 2. Let m be z(10). Suppose -5*o = 3*b + 25, m*o - 4*o = 10. Suppose -u + 30 = -b*u. What is the greatest common factor of 20 and u?
10
Let c be 3/9 - 1137/9. Let m be (-9)/(c/220)*14. Calculate the greatest common divisor of m and 20.
20
Let i = -9 - -11. Suppose 4*v = 2*y - 14, -3*y + 5*v + 11 = -7. Let l be (1/2)/(y/36). What is the highest common factor of i and l?
2
Let q be 6/4*(-912)/(-3 - 1). Calculate the greatest common factor of 38 and q.
38
Let p(o) = 8*o**2 - 2*o. Let h be p(4). Calculate the highest common factor of 20 and h.
20
Let t = 171 + -165. What is the highest common divisor of 9 and t?
3
Let d = 14 + 13. Suppose -5*k - d = -5*q + q, -5*q - 2*k = -42. What is the greatest common factor of 32 and q?
8
Suppose -4 = 4*q, 0*q + 4*q = -2*v - 36. Let l(n) = -n**3 + 5*n**2 - 1. Let a be l(5). Let y be 0 - v - a/(-1). What is the highest common divisor of 45 and y?
15
Let k(v) = v + 10. Suppose -4*p - 22 = -5*w, 2*w - 3 - 13 = 4*p. Let s be k(p). What is the greatest common divisor of s and 1?
1
Let n(u) = u**2 - 10*u - 24. Let o be n(13). Suppose -14 = 4*v - 254. What is the greatest common factor of o and v?
15
Let z = -82 - -94. What is the greatest common factor of z and 24?
12
Let m = 6 - -2. Let q be (-57)/95 - 2/((-20)/206). What is the highest common divisor of m and q?
4
Suppose 5 + 7 = 3*r. Suppose r*d = -5*q + 477, 4*q - 120 = -d + 3*q. Let z = d + -46. Calculate the greatest common factor of 7 and z.
7
Suppose 2*x + 5*x = 119. Suppose b = -b + 272. Calculate the highest common factor of x and b.
17
Let n = -182 - -258. Let t(l) = -9*l + 1. Let i be t(-2). What is the highest common divisor of n and i?
19
Let o be (1 - 0)*-13*-5. Calculate the greatest common factor of o and 13.
13
Suppose 2*l + 2*z = 76, 112 = -0*l + 3*l + 2*z. Calculate the greatest common factor of l and 9.
9
Suppose 0 = 5*a - 8 - 22. What is the highest common divisor of a and 42?
6
Suppose -65 = 4*j - 241. Calculate the highest common factor of j and 11.
11
Suppose 3*s - 45 = -5*x, -4*s + 3*x = 2*x - 83. What is the greatest common divisor of 5 and s?
5
Let l = -22 + 40. What is the highest common divisor of 2 and l?
2
Let x be 18/(-15)*120/(-18). What is the highest common divisor of x and 8?
8
Let x = 15 - 7. Suppose 2*a = a + x. What is the highest common divisor of 88 and a?
8
Let u = -3 - -33. What is the greatest common factor of 6 and u?
6
Suppose 5*q - 2 = 4*q - 2*x, -2 = -2*x. Let p(m) = -m**3 + 9. Let v be p(q). What is the greatest common factor of 9 and v?
9
Let l be -1 + ((-3)/2 - 2)*-126. Calculate the greatest common divisor of l and 40.
40
Suppose 8 = 2*s + 2*s. Suppose 12 = j + 3*j. Calculate the highest common divisor of s and j.
1
Let j(s) be the second derivative of s**3/2 - 4*s. Let z = -3 - -7. Let w be j(z). Calculate the greatest common factor of w and 72.
12
Let y be -1 + 5*20 + 2. Suppose -k = 28 - y. Suppose -s + 42 = -k. Calculate the greatest common divisor of s and 46.
23
Suppose 4*x = -2*w + 464, 4*x = -0*w + 4*w + 476. What is the greatest common factor of x and 13?
13
Let x be 837/12 + (-1)/(-4). Suppose -20 = -5*p + x. Calculate the greatest common factor of p and 12.
6
Let c(k) = 3*k**2 + k + 1. Let v be c(-1). Suppose -4*o = 3*r - r - 128, -v*o = -6. What is the greatest common divisor of 10 and r?
10
Let o be (-8)/44 - (-68)/11. Suppose 4*g = i + 98, -i + 65 = 3*g - o*i. Calculate the greatest common factor of g and 10.
5
Suppose 29 = m + 1. Let a be (-2)/(-8) - (-1001)/m. What is the greatest common factor of a and 12?
12
Let v = -4 + 79. Let j be (4/(-6))/(4/(-18)). Let y be j/(0 + 2/10). What is the highest common factor of v and y?
15
Let j be 2/(38/9 - 4). Suppose 8*k = 3*k + 270. Calculate the highest common divisor of k and j.
9
Suppose 5*f + 3*n - 308 = n, 104 = 2*f - 4*n. Let d = 118 - f. Suppose -4*v + d + 62 = 0. Calculate the highest common factor of v and 6.
6
Suppose 0 + 6 = 2*h + 5*s, -20 = -5*s. Let v = h - -11. Let k be ((-18)/3)/((-6)/v). What is the highest common divisor of 24 and k?
4
Let v = -1 - -4. Suppose 0 = 4*h + 6 - 22. Suppose -4*c + 2*y - v*y = -52, 0 = h*y. Calculate the greatest common factor of 143 and c.
13
Let a = 73 + -56. What is the greatest common factor of a and 17?
17
Let t be (-4 + 2)*(-5)/(-2). Let m = 6 + t. Let c be m + ((-1)/1 - -2). Calculate the highest common factor of c and 4.
2
Let v = -31 - -87. What is the highest common divisor of 392 and v?
56
Suppose 0 = 5*f - 3*m - 215 - 307, 0 = -3*f - 3*m + 318. Calculate the highest common divisor of 42 and f.
21
Let t be -4 + (1170/3)/5. What is the highest common divisor of 185 and t?
37
Let a be -5*1/(15/(-72)). Let m = 0 + a. Calculate the highest common divisor of 60 and m.
12
Suppose -5*g = -3*h - 35, 1 = 3*g - h - 16. Let m be (18/g)/(-1)*-2. Let u be 4 - ((-4)/4 + -4). Calculate the greatest common divisor of u and m.
9
Let a = -96 - -192. Let q be (-2)/4 + (-7)/(-2). Suppose q*h - 598 = -4*g - a, 3*g = 2*h - 312. Calculate the highest common divisor of h and 18.
18
Let b(j) = -j**2 + 9*j. Let a be b(8). Suppose m + v - a = 0, -2*v + 0 = m - 7. Calculate the greatest common divisor of m and 9.
9
Let w = -22 + 52. Calculate the greatest common factor of 36 and w.
6
Let h(d) = d - 6 - 2 + 38 + d**3. Let f be h(0). Suppose 2*c = j + 39, -3*c = -2*c - 3*j - 17. What is the greatest common factor of f and c?
10
Let m be (-8)/(5/(-45)*3). Calculate the highest common factor of m and 6.
6
Suppose 5*z - 3*z = 10. Let d be 0 + 0 + 2 - -18. Calculate the highest common divisor of z and d.
5
Let q = -33 + -28. Let m = q + 91. What is the highest common divisor of 3 and m?
3
Suppose -2*d + 0 + 2 = 0. What is the highest common factor of d and 11?
1
Suppose 4*y = 17 - 1. Suppose -4*f + 10 = 5*i, -y + 0 = -3*i - 2*f. Let x be -4 + (i - -3) + 11. Calculate the greatest common divisor of x and 16.
8
Let p = -5 + 9. Let m(f) = f + 8. Let n be m(-5). Let i = n + p. What is the greatest common factor of 77 and i?
7
Let r(g) = 13*g**2 - g. Let b = 11 + -10. Let u be r(b). What is the greatest common factor of u and 18?
6
Let b be (0 + 1 - 2) + 5. Let h = b + -3. Calculate the highest common divisor of h and 7.
1
Suppose 0 = n - 0*n - 36. Suppose 0*z + 109 = -2*s - 5*z, 4*s = z - 207. Let i = 76 + s. Calculate the highest common factor of n and i.
12
Let o = 6 + 0. Let h(c) = -3*c - 27. Let s be h(-17). Calculate the highest common factor of s and o.
6
Let n(o) = 4*o + 23. Let x be n(-5). What is the greatest common divisor of 3 and x?
3
Let x = -98 - -353. Calculate the highest common divisor of 15 and x.
15
Suppose -2*d - 2 - 1 = x, d + 14 = 2*x. Suppose -4*c + 55 = q, 4*q - 75 = -x*c + 2. Let j = 325 + -208. Calculate the greatest common factor of c and j.
13
Let c = 697 + -391. Calculate the greatest common factor of c and 18.
18
Let n be -3 + 7 + (-1 - -1). Suppose 0*u + 4*u = n. Let g(t) = 4*t**2 - 4*t + 2. Let m be g(2). Calculate the highest common factor of u and m.
1
Let w = -89